2 + 12*y + 3. Let j be o(-4). Suppose -j*w - 187 = -547. What is the highest common factor of w and 15?
15
Let i = 10 + -7. Suppose -8*n = -i*n - 130. Suppose -5*q - 5*h + 14 = -n, 0 = -q + 5*h - 4. Calculate the highest common divisor of 24 and q.
6
Suppose k = -5*l + 3*k + 1046, -2*k = -4. Suppose w = -w - 2*c + l, -4*w = c - 417. Calculate the highest common divisor of w and 13.
13
Let q = 4 - 0. Suppose -q*j + 2*b + 0*b = 198, -b + 195 = -4*j. Let p = j - -76. What is the highest common factor of p and 7?
7
Suppose 135 = 3*x - 8*x. Let n = 30 + x. Suppose -4*y + 50 = -n*y. What is the highest common factor of 25 and y?
25
Let n(u) = -5*u - 14. Let g be n(-6). Suppose 0 = g*y - 15*y + 22. Let c = 37 + y. What is the greatest common divisor of c and 165?
15
Let t = -96 - -97. Calculate the highest common factor of 32 and t.
1
Let r be 5/10*-2*-217. Calculate the highest common divisor of r and 31.
31
Suppose -203*w = -209*w + 378. Let p be 111/12 - (-1)/(-4). Calculate the greatest common divisor of w and p.
9
Suppose -115 = -12*k - 55. Let j be 1*(-1 - -2) + 9. Suppose 40 - j = k*q. What is the greatest common factor of q and 24?
6
Let l(o) = -5 + 8 - 10 + o + 0*o. Let m be l(-7). Let v = -10 - m. What is the greatest common factor of 4 and v?
4
Suppose m - 140 = 5*m. Let o = m - -63. Let f(l) = -l**2 - 13*l + 40. Let j be f(-10). Calculate the greatest common divisor of o and j.
14
Let x be (82/4)/((-53)/(-424)). Calculate the greatest common divisor of 41 and x.
41
Let b(n) = -2*n**3 - 7*n**2 - 8*n - 6. Let o be b(-4). Let d = -7 + o. Calculate the highest common divisor of d and 5.
5
Let f(c) = c**2 + 4*c - 32. Let q be f(-11). Let z = -5 - -4. Let r(a) = -9*a. Let m be r(z). What is the greatest common factor of m and q?
9
Suppose -5*o - r = -27, -3 = 2*r + 3. Suppose 2*s - m - 4 - 3 = 0, -2*s = -2*m - o. What is the greatest common divisor of 8 and s?
4
Let y = -178 + 223. What is the highest common divisor of y and 30?
15
Suppose 13*h - 2852 - 2738 = 0. Calculate the highest common divisor of 10 and h.
10
Let a(n) = n**3 + 11*n**2 + 2*n - 8. Let l be a(-11). Let k be (164/5)/((-12)/l). Calculate the highest common divisor of k and 205.
41
Let a(i) = i**2 - 30*i + 20. Let z be a(-8). What is the greatest common factor of z and 36?
36
Suppose 2*x - 6 = -2*t, 2*t + 4*x - 10 = -0. Suppose 0 = y - t, 4*i - 3 = 5*y - 0. Suppose -286 = -0*a - i*a. What is the greatest common factor of a and 13?
13
Let t be 5 + (-184)/10*(-3190)/116. Calculate the greatest common divisor of 35 and t.
7
Suppose 5*m - 139 = 3*t, m + 4 - 23 = 5*t. What is the highest common factor of m and 522?
29
Let m be (-78)/(-1) + (7 - (1 + 2)). Let i = 64 + -12. Let y = m - i. Calculate the highest common divisor of 12 and y.
6
Suppose 599 = 2*j + l, -2*l = 3*j - 0*l - 901. Let w be ((-36)/(-8))/(-3)*-22. Calculate the highest common factor of j and w.
33
Let c be (-2 + 14)*(-96)/(-6). Suppose 0 = 197*w - c*w - 1540. What is the greatest common divisor of w and 28?
28
Suppose -6*c = -10*c + 164. Let j = -33 - c. Let v be 21/35 - j/10. What is the highest common divisor of 8 and v?
8
Let r be (-22 + -16)*(-1)/1. Suppose 0 = -v + 62 - r. What is the greatest common factor of v and 16?
8
Suppose 5*r + 30 = 6*r. Suppose 105 = -4*u - 99. Let h = -31 - u. Calculate the greatest common divisor of r and h.
10
Suppose 0 = -84*g + 377 + 295. Calculate the highest common factor of 776 and g.
8
Let i be (369/12 + -3)/((-51)/(-136)). What is the highest common factor of i and 222?
74
Let l(w) be the second derivative of -w**3/6 + 5*w**2/2 - 10*w. Let k be l(-8). What is the highest common factor of k and 143?
13
Suppose 9*o = -3*m + 11*o + 105, -5*o - 180 = -5*m. What is the highest common factor of 51 and m?
3
Let m(c) = c - 3. Let y be m(3). Suppose 0 = -4*h - 4*s + 704, -5*h + y*s = -3*s - 880. Suppose 48 = -q + 4*q. What is the highest common factor of h and q?
16
Let v(y) = -y - 14. Let h be v(11). Let z = -24 - h. Calculate the highest common divisor of 9 and z.
1
Suppose -2*p - z = -48, p = -0*p + 5*z + 13. Suppose -21 - p = -4*r. What is the highest common factor of 121 and r?
11
Suppose 11 = c - k + 28, -5*k = c - 7. Let v = c - -28. What is the highest common factor of v and 135?
15
Suppose -31*k + 18403 = -848. Calculate the greatest common divisor of 92 and k.
23
Let v(a) = a**2 - 14*a + 48. Let n be v(21). Calculate the greatest common factor of 117 and n.
39
Suppose 211 = 5*p - 4*b, -3*p - 4*b - 133 = -6*p. Calculate the greatest common divisor of p and 195.
39
Suppose -81 = -2*s - s. Let j be (-3)/(-2) + 3/6. Suppose j*z - 5 = 1. Calculate the highest common divisor of z and s.
3
Let s(h) = 67*h + 243. Let j be s(9). Calculate the highest common divisor of 18 and j.
18
Let f = 155 + -139. Suppose 0 = -4*a + a + g + 64, a = -g + f. Calculate the greatest common divisor of 340 and a.
20
Suppose -3*h + 72 = 2*l, 67 + 53 = 5*h + 3*l. Suppose -165 = 5*b - 0*b. Let p be (-46)/(-11) - (-6)/b. What is the greatest common divisor of h and p?
4
Let g = -75 + 315. Suppose -5*t = -g - 360. Calculate the highest common divisor of 48 and t.
24
Suppose -5*j + 23 = -s - 55, 5*j + s - 82 = 0. Calculate the highest common factor of j and 120.
8
Suppose -x - 3 = 5*o + 2*x, -o = 5*x + 5. Let y be 2 + 3 + (-2 - o). Suppose 0 = y*f - 6*f + 18. Calculate the highest common factor of f and 2.
2
Let z = 5337 + -3382. What is the greatest common divisor of 170 and z?
85
Suppose 4692 = 3*g - 3*v, 5*g - 4*v + v - 7828 = 0. Suppose -5*z - 2*q = -g, 2*q + 320 = z + 4*q. Calculate the highest common divisor of 39 and z.
39
Let a(j) = 7*j - 45. Suppose -5*o = 4*b - 21, -b + 4*o + 25 = 4. Let p be a(b). What is the highest common divisor of p and 6?
6
Suppose -265 - 177 = -17*k. Let i = -157 + 248. What is the highest common factor of k and i?
13
Let j(d) = -2*d - 2. Let c be j(8). Let o be 6/(-2)*132/c. Suppose 2*n - o = -0*n. Calculate the highest common divisor of 22 and n.
11
Suppose -23 = -5*i + 27. Suppose 5*m - s = -216, -m - s - s - 41 = 0. Let u = m - -73. Calculate the greatest common divisor of u and i.
10
Let d = 324 + -304. Calculate the highest common divisor of d and 5.
5
Let j(s) = -s**2 + 2*s + 16. Let f be j(0). Suppose -2*b - 25 = -2*d - b, 2*d + 3*b - 21 = 0. Calculate the highest common factor of f and d.
4
Let c(j) = 2*j**2 + j - 4. Let b be c(-3). Let v = -235 - -268. What is the highest common divisor of b and v?
11
Suppose 2*s = -3*q + 108, -q = -19*s + 18*s - 31. Calculate the greatest common divisor of q and 34.
34
Let l(d) = 2*d - 12. Let n be l(10). Suppose 12 = -5*t - n. Let g be (t/6)/((-4)/6). Calculate the greatest common factor of 5 and g.
1
Let i = 78 + -75. Suppose 3*j + h = 4*h + 81, i*j = -3*h + 75. What is the highest common divisor of j and 208?
26
Let h be (-69)/46 - (-23)/2. Suppose h*x - 263 = -103. What is the greatest common divisor of 16 and x?
16
Let h(t) = 16*t**2. Suppose 5*f = -0*f + 50. Let s = f - 11. Let l be h(s). Calculate the highest common factor of l and 8.
8
Let k be (-14)/(-2) - (-2)/2. Let r(j) = j**3 - 7*j + 7*j**2 - 3*j + j + 8 - 7. Let f be r(-7). What is the greatest common divisor of k and f?
8
Let u = -34 + 21. Let k = u + 25. Calculate the greatest common factor of 132 and k.
12
Let f be (11*1)/(3/12). Suppose 0 = -l - 4*l + 2*b + 184, -4*b = l - 28. Let c = f + l. Calculate the greatest common divisor of c and 10.
10
Let j be (4 - 1) + 0 + 51. Let x(w) = -6*w**2 + 2*w - 2. Let r be x(1). Let n be -1 - (-4 + 3 + r). What is the highest common divisor of n and j?
6
Let a = -11 + 15. Suppose 2*q = -a*s + 40, -5*q + 2*s + 75 = -25. Calculate the highest common divisor of 200 and q.
20
Let d = -221 + 298. Let q be 87/12 + 2/(-8). Suppose -a = -0*a - q. What is the greatest common factor of d and a?
7
Suppose -6*z = -45 + 3. What is the highest common factor of 1 and z?
1
Let j be ((-3)/(-6))/((-2)/(-16)). Let a(d) = 0 + 0*d**2 + j + 2*d + 9*d**2 + 3*d. Let m be a(-2). What is the highest common factor of m and 45?
15
Suppose 3*t - 6 = 4*t. Let b(f) = 6 - 4*f - f + 2*f - f. Let g be b(t). What is the highest common divisor of 10 and g?
10
Suppose 48*i - 17372 = -4172. What is the greatest common factor of 440 and i?
55
Suppose 54 = 2*a 